et r be u(y). What are the prime factors of 16/(-32)*668/r?
167
Suppose 4*h - 124 = 15*n - 11*n, -5*n - 2*h - 169 = 0. Let s = n - -311. List the prime factors of s.
2, 139
Let s be (-1)/(-1) + (1387 - 49). Suppose -4*o + s = -3*h, 0 = 3*o + 3*h - 259 - 740. List the prime factors of o.
2, 167
Let i(h) be the second derivative of -h**5/20 - 3*h**4 + 11*h**3/2 - 8*h**2 - 209*h. What are the prime factors of i(-38)?
2, 809
Let y(n) = 209*n + 5 - 2*n**3 - 206*n - 4 + 2*n**2. Let a be y(-1). List the prime factors of (a/(-6) + 1)*129.
2, 43
Suppose 996550 = 18*s + 281446. List the prime factors of s.
2, 13, 191
Suppose 14 - 42 = 7*w. What are the prime factors of w/(-64)*12 + (-3106)/(-8)?
389
Suppose 3*p - p + 1368197 = 91*p. What are the prime factors of p?
15373
Let u(r) = -1333*r - 1062. List the prime factors of u(-10).
2, 3067
Let r(i) be the first derivative of -1/4*i**4 + 3 - 11/2*i**2 + 4*i**3 + i. List the prime factors of r(8).
13
Let u(r) = 4*r + 13 - 2*r + 0 - 20*r - 1. List the prime factors of u(-32).
2, 3, 7
Let z(n) = -3 + 0*n + 22*n**2 + 3*n - 21*n**2. Let j be z(-5). Let q(h) = -h**3 + 7*h**2 + 7*h - 4. What are the prime factors of q(j)?
3, 5
Let y(x) = -158*x**3 + 6*x**2 - 24*x + 4. Let m(l) = -l**3 + l**2 - 2*l. Let k(d) = 10*m(d) - y(d). What are the prime factors of k(2)?
2, 7, 43
Suppose f - q - 6378 = -0*f, q = 2*f - 12754. Suppose 2*c - f = -2*c + 2*s, c - 1594 = -s. What are the prime factors of c?
2, 797
Let z(t) = -22 + 16 + 12 + t. Suppose d - 4 = -8. What are the prime factors of z(d)?
2
Let m = 34115 - -35348. List the prime factors of m.
69463
Suppose 9 = -4*t - 11, 2*v - 25 = 3*t. Suppose -8*o + 4*o = h - 2757, -4*o + 2777 = v*h. List the prime factors of o.
2, 43
Suppose 3*l - 11 + 20 = 0. Let b be l - (-1 - -1)/(-5). What are the prime factors of b*6/108 - (-98)/12?
2
Let u be ((-4)/(-6))/(-1)*(-168 - -36). Suppose -2*g - 2*g + u = 0. Suppose 132 = g*r - 16*r. List the prime factors of r.
2, 11
Suppose -3353 = 3*h - 10*h. Let u = 789 - h. What are the prime factors of u?
2, 5, 31
Suppose 20*a = 66*a - 18*a - 1055488. List the prime factors of a.
2, 19, 31
Let u(g) = -g**3 + 10*g**2 + 8*g + 10. Let q(n) = 1. Let t(h) = -4*q(h) + u(h). List the prime factors of t(9).
3, 53
Let d be ((-6)/(-4))/((-39)/52). Let g be (d/9)/(24/(-108)). Suppose -i = -1 - g, 0 = -3*k + 4*i + 412. List the prime factors of k.
2, 5, 7
Let f = 76964 + -37894. List the prime factors of f.
2, 5, 3907
Let c(y) be the second derivative of -y**4/12 + 31*y**3/6 + 695*y**2 - 113*y. What are the prime factors of c(0)?
2, 5, 139
Suppose 2*k = -3*y + 21, 0*y - y = k - 8. Let m be 2/k - (123100/15 - 1). List the prime factors of (m/(-135) + (-2)/(-9))*1.
61
Let v be (525/125)/(1/(-5))*-2. List the prime factors of ((-13296)/(-144))/(2/v - 0).
7, 277
Let k = 103 + 43. Suppose 3*s = k + 154. List the prime factors of s.
2, 5
What are the prime factors of -89*55*1*(0 - 4 - -3)?
5, 11, 89
Let k = 20725 - 29485. What are the prime factors of 0 + 0 + (k/5)/(-6)?
2, 73
Let w(j) = -16*j - 24. Let h(x) = -x**3 - 8*x**2 - 7*x - 10. Let n be h(-7). Let t be w(n). Suppose y - 25 = t. What are the prime factors of y?
7, 23
Suppose -13*d + 5*r - 14346 = -17*d, 17910 = 5*d - 5*r. List the prime factors of d.
2, 7
Suppose i - 3*l = 4*i - 30, 3*i + 2*l - 32 = 0. Let b be (5 - i/3)*(4 + -1). Let x = 75 + b. What are the prime factors of x?
2, 3, 13
Let g = -986 - -1479. Suppose 123 = 7*i - g. Suppose 3*b = -3, p - 5*p - 4*b = -i. What are the prime factors of p?
23
Let s(w) = w**3 + 10*w**2. Let q be s(-10). Suppose q = 9*x + x - 20. Suppose 0 = x*a + 2*a - 524. List the prime factors of a.
131
Let p(c) = -64 + 84*c**2 + 75 + 5*c**2 + c. List the prime factors of p(-3).
809
Suppose -5*m - 148 = 5*n - 783, -2*n = -4*m - 236. Suppose 5*t + 218 = 4*a - n, 0 = 2*a - t - 174. Let l = a - 81. What are the prime factors of l?
7
Suppose -5*g + 117 = f, 2*f + g = -g + 218. Let r = -90 + f. Let j(h) = -2*h**2 + 39*h - 8. What are the prime factors of j(r)?
7, 11
Let r(n) = 200*n + 17. Let o be 5*72/100 - 3/5. List the prime factors of r(o).
617
Let t = 11503 + -5239. List the prime factors of t.
2, 3, 29
Suppose -7*d + 9609840 = 425*d. What are the prime factors of d?
3, 5, 1483
Suppose 0 = u - 8, 71*u - 70*u + 21662 = p. List the prime factors of p.
2, 5, 11, 197
Let c = -873 + 873. Suppose -41*h + 37*h = 2*n - 2730, c = -n + h + 1371. What are the prime factors of n?
37
What are the prime factors of 0 - (-9991 + -6) - 0*(-4)/(-16)?
13, 769
Suppose 20*u = 25*u - 50. What are the prime factors of -4*(5705/u)/(-7)?
2, 163
Let l = 117785 - 79993. What are the prime factors of l?
2, 1181
Let v(m) = -346*m + 5251. List the prime factors of v(-22).
19, 677
Let f = -35 + 32. Let r(h) = -h**3 - 4*h**2 - 5*h - 3. Let l be r(f). Suppose l*d - 314 = -26. List the prime factors of d.
2, 3
Suppose 0 = -4*k - 4*q - 40, 4*k - 2 + 74 = 4*q. Let y = k + 16. Suppose -82 + y = -2*d. What are the prime factors of d?
2, 5
Let s = -129 - -134. Suppose -s*g + 1112 = 247. List the prime factors of g.
173
Let k(m) = m**3 + 97*m**2 + 73*m + 1169. What are the prime factors of k(-36)?
13, 47, 127
Suppose 597*i + 159124 = 625*i. What are the prime factors of i?
5683
Let k(r) = 2*r**3 - 9*r**2 - 5*r - 48. Let j be k(8). Suppose -4*i + j = 2*g + 2*g, 2*i + 200 = 2*g. List the prime factors of g.
5, 19
List the prime factors of 5/(-50) - (1497969/(-90) + 8).
2, 4159
Let o(h) = 13*h - 118. Let k be o(9). What are the prime factors of 7 - (k + 1788/(-4))?
5, 7, 13
Let g(a) = 166*a**2 + 2*a - 10 - 2 - 9 + 22. Suppose f = -4*h + 15, 2*f + 6*h - 3*h = 10. List the prime factors of g(f).
3, 5, 11
Let i = 12164 + 1104. What are the prime factors of i?
2, 31, 107
Suppose 2 = 5*h - 4*h. Let d(m) = m**3 - 18*m**2 - 14*m - 46. Let o be d(19). Let c = o + h. List the prime factors of c.
3, 17
Let t(u) = 5*u + 4 - 4 + 1 + 11*u**3 + 5*u**2 - 12*u**3. Let v be t(6). List the prime factors of (34/v)/((-5)/25).
2, 17
Let a(v) = 37*v**2 + 3 + v + 6*v - v + 7*v. Let p be (-13 - -18)*33/(-55). What are the prime factors of a(p)?
3, 11
Let y(z) = 2*z**2 - 30*z - 63. Let x be y(28). Suppose -4*a - f + x = 0, a + 15*f - 16*f = 165. List the prime factors of a.
2, 83
Let a(o) be the third derivative of o**5/60 + 7*o**4/24 - 43*o**3/6 + 2*o**2 + 35*o. List the prime factors of a(14).
251
Let q = -17101 + 26405. List the prime factors of q.
2, 1163
Suppose 67*c - 8*c = 1822569. List the prime factors of c.
3, 7, 1471
Let u = -1185 - -1195. Suppose -3*p + 569 = -5*v + v, -v - 191 = -p. What are the prime factors of 5/u*p*2?
3, 5, 13
Let q(j) = j**3 + 31*j**2 - 73*j + 5. Let f be q(-33). Let m = 370 + f. List the prime factors of m.
2, 3, 101
Let a be 4/(-2) - (2/4 - (-82503)/(-534)). Suppose -1345 = -5*m - 5*q, 5*m - q = -0*q + 1315. Let x = m - a. What are the prime factors of x?
2, 7
Let v = -954 + 178. Let t = v - -1419. What are the prime factors of t?
643
Let q(b) = 20*b**2 + 2639*b + 200. List the prime factors of q(-135).
5, 7, 241
Suppose 8 = -2*w + 3*s - 6*s, 3*w + 14 = -5*s. Suppose -w*c + r = -879, 37 = 5*r + 12. List the prime factors of c.
2, 13, 17
Suppose 0 = k + 4*p - 10115, 5*k - 49*p - 50527 = -45*p. List the prime factors of k.
3, 1123
Suppose 5*a + 2*t + 2 = -2, 2*t = 4*a - 4. Suppose 0*p + 3*p + 5*x + 12 = 0, -2*p - 5*x - 8 = a. List the prime factors of (8 + -8 - 182/(-1)) + p.
2, 89
Let y(b) = b**2 + 14*b + 20. Let h(d) = -d**2 - 14*d - 20. Let p(q) = 4*h(q) + 3*y(q). Let s be p(-13). Let u = s + 42. List the prime factors of u.
5, 7
Suppose -66 = -2*k - 3*g, 50*k - 49*k + 2*g - 32 = 0. Suppose -f = -k - 98. List the prime factors of f.
2, 67
Suppose 4*o + 17490 = 5*t - 23565, 2*t = -4*o + 16394. What are the prime factors of t?
29, 283
Let b be (6 + (7 - 10))/(2 - 1). Let v be (-4)/(-18) - (-6)/(-27). Suppose v*w - u = -4*w + 477, -3*w + b*u = -369. What are the prime factors of w?
2, 59
Let q(n) = 47*n**2 + 19*n + 125. What are the prime factors of q(-6)?
13, 131
Let i(j) = 132*j**2 - 5*j + 4. Let n be i(1). Let z = n - 129. Suppose -z*h + 0*h = 4*q - 74, 3*q - 153 = -4*h. List the prime factors of h.
3, 13
Let z(p) = 8*p - 176. Let r be z(-17). List the prime factors of (-56)/8 - -1 - r.
2, 3, 17
Let 